00
In base 3, what is 212210 - 1012?
211121
In base 5, what is 20141140 - -3?
20141143
In base 9, what is -3 + -185663?
-185666
In base 10, what is 3 - -32387?
32390
In base 13, what is 1 + 39a8b?
39a8c
In base 3, what is 11211 + -1002222112?
-1002210201
In base 16, what is -2f4 + 3a8?
b4
In base 7, what is 505 - 31?
444
In base 7, what is 5 - -23003644?
23003652
In base 14, what is -7c8 + -14d?
-937
In base 16, what is -61b1 - -3?
-61ae
In base 7, what is -1444 + 3120?
1343
In base 11, what is -2 - -13486?
13484
In base 15, what is 1c801 - -15?
1c816
In base 14, what is -4cb4 - 2?
-4cb6
In base 14, what is -5 - -77b87?
77b82
In base 11, what is -348792 + 3?
-34878a
In base 2, what is -101 - -100001001110111?
100001001110010
In base 13, what is -5 - 779c?
-77a4
In base 12, what is -144b - -287?
-1184
In base 14, what is -1 + -12942?
-12943
In base 15, what is -3 + -de601?
-de604
In base 5, what is -1013 + 131?
-332
In base 5, what is 33234 - 10232?
23002
In base 2, what is -100100111101110 + -1?
-100100111101111
In base 10, what is -470 + 5915?
5445
In base 13, what is -97 + -5584?
-564b
In base 14, what is -375dc - 0?
-375dc
In base 4, what is -133312 + -212102?
-1012020
In base 6, what is -55031031 + 3?
-55031024
In base 11, what is 9653 - 1a?
9634
In base 15, what is e2 + 2cb?
3bd
In base 7, what is 23432 + -6?
23423
In base 2, what is 10110010 - 100101?
10001101
In base 2, what is 10000011110110 + -1100?
10000011101010
In base 3, what is 20110000 + 121?
20110121
In base 13, what is -308a - 4?
-3091
In base 7, what is -11 + 12150?
12136
In base 14, what is -b + 8165?
8158
In base 14, what is 1d3 + -2127?
-1d34
In base 3, what is 10100012222 + 1011?
10100021010
In base 9, what is 1846 - -1271?
3227
In base 6, what is -2050 + -233?
-2323
In base 14, what is 82 - -28aa?
294c
In base 3, what is -201 - 1100022212?
-1100100120
In base 7, what is 1253 + -333?
620
In base 10, what is -5 + -12478?
-12483
In base 3, what is -2102201202 + -10?
-2102201212
In base 9, what is 13738 + -3?
13735
In base 5, what is -112030 - 204?
-112234
In base 15, what is 2b + -a18?
-9dc
In base 11, what is -2 - -49744?
49742
In base 15, what is 5659c - -d?
565aa
In base 7, what is -6160 - 1231?
-10421
In base 2, what is -1001100011000010 - 11101?
-1001100011011111
In base 2, what is -1010 + -100000011001110?
-100000011011000
In base 14, what is 26cc + -40?
268c
In base 11, what is 1469 + -4?
1465
In base 13, what is c714b + 5?
c7153
In base 5, what is -214 + -300?
-1014
In base 4, what is 301023 + -20023?
221000
In base 2, what is -110010 + -11010000011?
-11010110101
In base 16, what is 5657 - 68?
55ef
In base 9, what is -2223 - -54?
-2158
In base 15, what is -aba + c1?
-9e9
In base 4, what is 1221312 - -1000?
1222312
In base 8, what is 2722 + -16?
2704
In base 14, what is 6 - -269a?
26a2
In base 16, what is -19e92 - -2?
-19e90
In base 3, what is 21122 - 2022002?
-2000110
In base 10, what is 3735 - -5?
3740
In base 15, what is 25 + c12?
c37
In base 15, what is -15e4 + -1?
-15e5
In base 7, what is -4 - 1335023?
-1335030
In base 3, what is 1202 + -2122220?
-2121011
In base 5, what is 14 - -122233?
122302
In base 16, what is -1c6 - 61?
-227
In base 12, what is 1b51b - 10?
1b50b
In base 14, what is -107 + 39?
-ac
In base 13, what is 1 + -45499a?
-454999
In base 6, what is 102231 + -3?
102224
In base 12, what is 4 - -90a38?
90a40
In base 9, what is 7304 + -343?
6851
In base 13, what is -119b16 + -5?
-119b1b
In base 3, what is 20220210021 - 10?
20220210011
In base 9, what is -227134 + 0?
-227134
In base 5, what is -2 - 404013?
-404020
In base 10, what is -2989 - 32?
-3021
In base 11, what is 1926136 + -2?
1926134
In base 6, what is -31 + 355233?
355202
In base 10, what is 889 - -32?
921
In base 5, what is 1343 - 2304?
-411
In base 11, what is 219 + -132?
97
In base 13, what is 18 - -1194?
11ac
In base 5, what is 0 - 314402?
-314402
In base 9, what is -3 - -1100185?
1100182
In base 9, what is -1 + -123302?
-123303
In base 5, what is 324 + -1301?
-422
In base 13, what is 0 - -27099?
27099
In base 3, what is 10 - -21201120021?
21201120101
In base 11, what is -17055 + 1?
-17054
In base 11, what is -2 - 4a870?
-4a872
In base 9, what is 4211 - 183?
4017
In base 6, what is -5 + -240133?
-240142
In base 14, what is 16 + 407?
41d
In base 13, what is 24b - 16c?
ac
In base 15, what is -7a74d + -6?
-7a754
In base 6, what is -53222 - 52?
-53314
In base 14, what is 4337 - 63?
42b4
In base 13, what is -3 + 607b5?
607b2
In base 11, what is 4 + 813146?
81314a
In base 9, what is 1 - -41412?
41413
In base 14, what is -2 + -d812a?
-d812c
In base 16, what is -13a4 - 1?
-13a5
In base 10, what is 1600 + -1304?
296
In base 4, what is 132212 + 210?
133022
In base 8, what is -3 - 6030?
-6033
In base 8, what is -7056 - 0?
-7056
In base 12, what is 402 + -12?
3b0
In base 15, what is -a7 + -1c2?
-279
In base 14, what is -21b + -51?
-26c
In base 15, what is 3104b - 1?
3104a
In base 6, what is 1542 + 45?
2031
In base 16, what is -20 + -67a1?
-67c1
In base 14, what is -379 + -217?
-592
In base 4, what is 322102113 - 3?
322102110
In base 16, what is 1ec79 + -7?
1ec72
In base 7, what is -11 + -1653?
-1664
In base 16, what is 2d + -33c?
-30f
In base 12, what is 1 + b209?
b20a
In base 3, what is -11100212221011 - -10?
-11100212221001
In base 5, what is -4131311 - 10?
-4131321
In base 16, what is 10 + 1d5?
1e5
In base 15, what is 16a9d - -3?
16aa1
In base 7, what is 1 - -430626?
430630
In base 10, what is -4 - -209281?
209277
In base 8, what is -33374 + -111?
-33505
In base 15, what is -37229 - 2?
-3722b
In base 3, what is -12 + 20201121020?
20201121001
In base 12, what is 1213b + 1?
12140
In base 3, what is 21 + -12001121220?
-12001121122
In base 10, what is 4999 - 218?
4781
In base 3, what is -220001 - -111111?
-101120
In base 11, what is 112 - 1816?
-1704
In base 16, what is -561 + 899?
338
In base 8, what is 10 - -111045?
111055
In base 14, what is 203 + 40?
243
In base 10, what is -13283 + 8?
-13275
In base 10, what is 34 + 33204?
33238
In base 6, what is 325143 - -31?
325214
In base 13, what is 47 - 4b9?
-472
In base 2, what is -1101 - 1010010000010?
-1010010001111
In base 13, what is -6a0 - -5?
-698
In base 13, what is 4 + -5ab3?
-5aac
In base 11, what is 42864 + -21?
42843
In base 13, what is 61 + 477?
508
In base 2, what is 101000101000001 + 0?
101000101000001
In base 4, what is 103101112 - 3?
103101103
In base 6, what is 52 + 4133450?
4133542
In base 3, what is -120 + 122222202?
122222012
In base 4, what is 112 - -203322111?
203322223
In base 4, what is -311021 - 11?
-311032
In base 14, what is 0 + d498?
d498
In base 4, what is 23 - 2031033?
-2031010
In base 14, what is -cba7 + -4?
-cbab
In base 16, what is c202 + -1?
c201
In base 14, what is 11d2 + 2?
11d4
In base 7, what is -566000 - -1?
-565666
In base 4, what is 11 - -1012231?
1012302
In base 12, what is 111bb43 - 5?
111bb3a
In base 14, what is 122 + 29?
14b
In base 11, what is 170 + 72?
232
In base 10, what is -68 - -2996?
2928
In base 16, what is -62cc + 1c?
-62b0
In base 12, what is 2 - 3118?
-3116
In base 10, what is 99 - -367?
466
In base 9, what is 1021082 + -1?
1021081
In base 5, what is 2 - -4211124?
4211131
In base 6, what is 2100 + 1341?
3441
In base 12, what is -21a + 1?
-219
In base 8, what is -12 - -7256?
7244
In base 8, what is 2 + -276035?
-276033
In base 4, what is 132 - 12123?
-11331
In base 15, what is 1244aa - 2?
1244a8
In base 5, what is 134 - 3220222?
-3220033
In base 15, what is -1 - 9082?
-9083
In base 2, what is -100 + 11110011111001?
11110011110101
In base 16, what is 1d + -ef25?
-ef08
In base 8, what is 165143 - 36?
165105
In base 2, what is -10100110 + -1101110101010?
-1110001010000
In base 13, what is 427 + -30?
3c7
In base 6, what is 4 - -25130?
25134
In base 15, what is 1283b - -4?
12840
In base 7, what is 20 - 34554?
-34534
In base 15, what is 5 + bc26?
bc2b
In base 9, what is 4 + 15035?
15040
In base 15, what is 124 - -7a7?
8cb
In base 15, what is -c - -106?
e9
In base 13, what is 48 + b02?
b4a
In base 4, what is 21 + 103101?
103122
In base 9, what is -4272400 - 3?
-4272403
In base 10, what is -2077 - 4?
-2081
In base 7, what is -42125 + -64?
-42222
In base 12, what is -5 + 1a707?
1a702
In base 9, what is 1288 -